e tens digit of o?
4
Let s = 1268 - 590. What is the hundreds digit of s?
6
Suppose -19*i + 740 = -15*i. Suppose -501 + i = -2*b. What is the units digit of b?
8
Let w = 4872 - -295. What is the thousands digit of w?
5
Let i = -299 - -716. What is the hundreds digit of i?
4
Suppose -6*q + 318 = 72. Suppose 3*b - 3*j - 186 = 0, -5*j - q - 25 = -b. What is the units digit of b?
1
Suppose -5*s + 4605 = -4*s - v, s = 5*v + 4621. What is the tens digit of s?
0
Suppose -3*t - 3*f = -2289, -2*f + 7*f = 2*t - 1554. What is the units digit of t?
7
Let c(f) = -19*f - 3. Suppose 5*l - 197 = v, -3*l + 129 = v + 2*v. Let n be l/(-18) - 6/(-27). What is the units digit of c(n)?
5
What is the thousands digit of (((-528)/77)/8)/(3/(-6909))?
1
Let d(m) = 38*m**3 + 9*m**2 - 20*m + 1. What is the tens digit of d(2)?
0
Let o(s) = -14 - 4 + 7 - 27*s. What is the units digit of o(-3)?
0
Let i(y) be the second derivative of -y**5/20 - y**4/3 + 2*y**3/3 - 5*y**2/2 - 5*y. Let h be i(-5). Suppose 0 = -o - h*o + 21. What is the tens digit of o?
2
Let j = 2 + 2. Suppose j*i = i + 9. Suppose 2 = -2*f + f, -4*f = -i*r + 110. What is the units digit of r?
4
Let j(n) = n**2 + 5*n + 8. What is the units digit of j(-7)?
2
Suppose -4*j = -5*j - 6. Let x be (-4)/(-12) + (-10)/j. Suppose -2*g = -4*g + x. What is the units digit of g?
1
Suppose 14*f - 8 = 10*f. Suppose 120 = f*i + 4*g, 0*i - 240 = -4*i + 5*g. What is the tens digit of i?
6
Suppose -p + 3*p = -3600. What is the units digit of 27/(-6)*p/27?
0
What is the units digit of (-388)/(-16) + 7 + (-50)/8?
5
Let a(r) = -r**3. Let g be a(0). Suppose g = -5*c - 2*s - 61, c + 6 = -s - 5. Let j = -11 - c. What is the units digit of j?
2
What is the tens digit of -268*(-78)/24 - 2/(-2)?
7
Let a(z) = z**3 - 11*z**2 + z - 7. Let j be a(11). What is the units digit of (-2)/j + 2035/22?
2
Let l = -939 - -1319. What is the units digit of l?
0
Suppose -v = -z + 931, 9*v + 5 = 10*v. What is the tens digit of z?
3
Let m = -2553 + 3715. Suppose -1484 = -14*q + m. What is the tens digit of q?
8
Suppose v + 35 = -13. Let s = -21 - v. What is the units digit of s?
7
Suppose -43 = -5*s + 577. Let j = -64 + s. What is the tens digit of j?
6
Suppose -g + 4 = g - 3*r, -3*g + 6 = r. Suppose -5*y = 2*p + g*p - 26, -4*p = 4*y - 24. Suppose 156 = 4*k + p*i, 20 = 4*i + 4. What is the units digit of k?
5
Let u(y) = -y**3 + 2*y**2 - 4*y. Let p be u(-3). Suppose 3*g - z - p = -g, 30 = 2*g - 2*z. Let w = 8 + g. What is the units digit of w?
2
Let c(o) = 52*o**3 + 5*o - 5*o**2 + 52*o**3 - 106*o**3 + 5. What is the tens digit of c(-4)?
3
Let l = 205 - 545. Let o = -155 - l. What is the units digit of o?
5
Let b = 82 + -91. What is the tens digit of b - (-845)/11 - 4/(-22)?
6
What is the thousands digit of (3 + -4794)*(-8 - 161/(-21))?
1
Let v be (-7)/(21/(-12)) - 0. Suppose 5*m + 280 = 3*l + l, -5*l + v*m = -350. What is the units digit of l?
0
Suppose 0 = -2*j - 11*r + 16*r + 7575, -11345 = -3*j + 4*r. What is the units digit of j?
5
Let a be (192/20)/(5/(-450)). Let l = -509 - a. What is the hundreds digit of l?
3
Suppose -318 = -4*v + 190. Suppose v = 2*k - 3*t, -2*t + 0*t = 2*k - 112. What is the tens digit of k?
5
Let r be (3 - 4) + (1 - -93). Let c(v) = 3*v**2 - 8*v - 3. Let l be c(6). Let y = r - l. What is the tens digit of y?
3
Let s(y) = -9*y - 7 + 4*y**2 - 15*y**2 - y**3 + 9*y**2 + 13*y**2. What is the tens digit of s(9)?
7
Suppose 11*f + n = 6*f + 4040, -5*n - 4070 = -5*f. What is the units digit of f?
9
Suppose -3*w = -16 + 4. Suppose -5*l = -r + 14, -r = 2*l - l + w. What is the units digit of r + -2 + 0 + 46?
3
Suppose -5*g - 2*o + 21 = 187, g + 42 = 4*o. Let d = 52 - g. What is the tens digit of d?
8
Let k be (-28)/(-14) + (-3 - 1). What is the units digit of k - -1 - 280/(-4)?
9
What is the units digit of 66/(-42) - -1 - 12066/(-21)?
4
Suppose 23845 + 3675 = 5*q. What is the hundreds digit of q?
5
Suppose 51 + 41 = -4*i. Suppose -14*s + 17*s = -138. Let r = i - s. What is the units digit of r?
3
Let a = 25 + 26. What is the units digit of a?
1
Let b(r) = 2*r + 57. What is the tens digit of b(12)?
8
Let j = 47 - -415. Suppose 3*r - r + j = 0. What is the tens digit of (4/3)/((-14)/r)?
2
Let p = 25 + -33. What is the tens digit of p/(-16) + 1 + (-478)/(-4)?
2
Let j(y) = -y**2 - y - 36. Let b = -9 + 9. Let t be j(b). Let d = t + 67. What is the units digit of d?
1
Let u(f) = -3*f - 3. Let g be 3 + -3 + -2 - 0. Let y be u(g). Suppose -2*q = 2*v - 6, 2*v = y*q + 3 + 3. What is the units digit of v?
3
Let g(h) = -h**2 - h - 2. Let r be g(-4). Let a(o) be the third derivative of o**5/60 + o**4/2 - 5*o**3/3 + 18*o**2. What is the tens digit of a(r)?
1
Suppose 4*o - 3*y + 171 = 0, 5*o + 2*y = -2*y - 206. Let h(t) = -t**3 + 7*t**2 + 11*t - 8. Let i be h(6). Let w = i + o. What is the units digit of w?
2
Suppose -4*o = -3*z - 22, -4*o + 2 = 2*z - 10. Suppose 110 = k + 4*k - o*p, 0 = -3*p. Suppose -k = -2*n + a, -3*a = 5*n - a - 73. What is the units digit of n?
3
Let k(q) = q**3 + 3*q**2 - 4*q + 1. Let t be k(-4). Suppose -6*r + 89 = -t. What is the tens digit of r?
1
Let o(i) = -2*i**2 + i - 2. Let u(m) = -m + 5. Let j be u(8). Let a be o(j). Let b = a + 41. What is the units digit of b?
8
Let p(h) = 2*h - 1. Let f be p(3). Suppose f*a = 4*n - 32, -2*n = 6 - 2. Let i = a - -15. What is the units digit of i?
7
Let g(j) = j**2 + 1. Let t be g(-2). Suppose -1 = -t*v + 9. Suppose v*n - 4*n + 34 = 0. What is the units digit of n?
7
Let g be (-3)/12 - (-42)/8. Suppose g*x = x. Suppose x = -5*d - 5, -5*r + 50 + 24 = -4*d. What is the tens digit of r?
1
Let r = 15 - 25. Let q be (-148)/r*(0 - -5). Let w = q - 44. What is the units digit of w?
0
Suppose a + 105 - 399 = -4*c, 4*a = -3*c + 214. Suppose w - c = -t, -2*t - t + 2*w = -212. What is the tens digit of t?
7
Let v(g) = -g**3 - 8*g**2 - g + 4. What is the units digit of v(-12)?
2
Let v(t) = -17*t - 22. Let m(b) = b - 30. Let u be m(16). What is the units digit of v(u)?
6
Suppose 2*q = -q + 321. Let g = q - 73. What is the tens digit of g?
3
Let r = -308 + 328. What is the units digit of r?
0
What is the tens digit of (-4024)/(-10) + 45/75?
0
Let n = 28 - 32. What is the tens digit of -2 - -33*(-8)/n?
6
Let g = 276 - 99. What is the units digit of g?
7
Let f = -82 + 36. Let n = 82 + f. What is the tens digit of n?
3
Suppose 4*a = -2*d - 6, -3*d + 5*a = -2*d + 24. What is the tens digit of 194 + -6*6/d?
9
Let w(c) = 2*c + 5. Let y be w(0). Let g = -3 - -6. Suppose -g*o = 3*j - y*o - 16, 5*o + 27 = j. What is the units digit of j?
2
Suppose 2*j - a + 19 = -12, -4*j + 5*a = 77. Let k(p) = -p**3 - 13*p**2 - 4*p - 9. Let l be k(j). Let q = -22 + l. What is the tens digit of q?
2
Suppose n - 4*y - 912 - 1286 = 0, 0 = -5*n + 4*y + 10910. What is the thousands digit of n?
2
Let v = 173 + -67. Suppose -2*r - 82 = -2*m, -2*m + 5*r - 21 = -v. What is the units digit of m?
0
Suppose -2*q + 3134 = u, -5*q - 2*u + u + 7829 = 0. What is the hundreds digit of q?
5
Let n(w) = 2*w**2 + 4*w + 1. Let h be n(-3). Suppose h*t = 4*t + 165. What is the tens digit of t?
5
Let w = 38 - 18. Let u = w - 11. Suppose -u*s = -12*s + 123. What is the units digit of s?
1
Suppose 1138 = 242*z - 241*z - 3*c, -z - 3*c + 1156 = 0. What is the units digit of z?
7
Let o = 5 - 24. Let i = -7 - o. What is the units digit of (-228)/(-9) + (-4)/i?
5
Let w = -35 - -86. What is the tens digit of ((-17)/w)/((-1)/162)?
5
Suppose 5*j + 4 - 14 = 0, -2*k - 3*j = 24. Let w(u) = -u**3 - 5*u**2 - 3*u - 4. Let x be w(-2). Let a = x - k. What is the units digit of a?
5
Let v(c) = 26*c**2 + 9*c - 48. What is the hundreds digit of v(6)?
9
Let t = 441 + 1708. What is the thousands digit of t?
2
Let b = 15 - 6. Suppose 2*w + 1 = b. Suppose w*g - 100 = -g. What is the units digit of g?
0
Let i(r) = 123*r - 2. Let t(v) = -v**3 + 10*v**2 - 11*v + 19. Let n be t(9). What is the units digit of i(n)?
1
Let l(q) = -q**3 + 19*q**2 + 27*q - 19. What is the tens digit of l(20)?
2
Suppose q - 593 = -14*x + 18*x, 5*q - 4*x = 3045. What is the tens digit of q?
1
Let q = 0 + 30. Suppose q*l - 29*l = 64. What is the units digit of l?
4
Let n be 3/15 + (-138)/(-10). Suppose -19*b + n*b = -425. What is the units digit of b?
5
Let b(a) = -a**2 + 10*a - 11. Let x = 23 - 14. L